[INFO] fetching crate swasmi 0.4.5...
[INFO] checking swasmi-0.4.5 against master#cfbc6d4cf1acbac5c025acf8ed68929caa551df3 for pr-75494-beta
[INFO] extracting crate swasmi 0.4.5 into /workspace/builds/worker-4/source
[INFO] validating manifest of crates.io crate swasmi 0.4.5 on toolchain cfbc6d4cf1acbac5c025acf8ed68929caa551df3
[INFO] running `Command { std: "/workspace/cargo-home/bin/cargo" "+cfbc6d4cf1acbac5c025acf8ed68929caa551df3" "read-manifest" "--manifest-path" "Cargo.toml", kill_on_drop: false }`
[INFO] started tweaking crates.io crate swasmi 0.4.5
[INFO] finished tweaking crates.io crate swasmi 0.4.5
[INFO] tweaked toml for crates.io crate swasmi 0.4.5 written to /workspace/builds/worker-4/source/Cargo.toml
[INFO] running `Command { std: "/workspace/cargo-home/bin/cargo" "+cfbc6d4cf1acbac5c025acf8ed68929caa551df3" "generate-lockfile" "--manifest-path" "Cargo.toml" "-Zno-index-update", kill_on_drop: false }`
[INFO] running `Command { std: "/workspace/cargo-home/bin/cargo" "+cfbc6d4cf1acbac5c025acf8ed68929caa551df3" "fetch" "--locked" "--manifest-path" "Cargo.toml", kill_on_drop: false }`
[INFO] [stderr]  Downloading crates ...
[INFO] [stderr]   Downloaded swasmi-validation v0.1.0
[INFO] running `Command { std: "docker" "create" "-v" "/var/lib/crater-agent-workspace/builds/worker-4/target:/opt/rustwide/target:rw,Z" "-v" "/var/lib/crater-agent-workspace/builds/worker-4/source:/opt/rustwide/workdir:ro,Z" "-v" "/var/lib/crater-agent-workspace/cargo-home:/opt/rustwide/cargo-home:ro,Z" "-v" "/var/lib/crater-agent-workspace/rustup-home:/opt/rustwide/rustup-home:ro,Z" "-e" "SOURCE_DIR=/opt/rustwide/workdir" "-e" "CARGO_TARGET_DIR=/opt/rustwide/target" "-e" "CARGO_HOME=/opt/rustwide/cargo-home" "-e" "RUSTUP_HOME=/opt/rustwide/rustup-home" "-w" "/opt/rustwide/workdir" "-m" "1610612736" "--user" "0:0" "--network" "none" "rustops/crates-build-env@sha256:a636fd89d022f18117e1dc8fb37a0a009933cdbbe082814857f0e2024962d47c" "/opt/rustwide/cargo-home/bin/cargo" "+cfbc6d4cf1acbac5c025acf8ed68929caa551df3" "metadata" "--no-deps" "--format-version=1", kill_on_drop: false }`
[INFO] [stdout] 6c278b4bc30d327180589aa7d4888cba739b1be803e9a7e90c36cf42867675d3
[INFO] [stderr] WARNING: Your kernel does not support swap limit capabilities or the cgroup is not mounted. Memory limited without swap.
[INFO] running `Command { std: "docker" "start" "-a" "6c278b4bc30d327180589aa7d4888cba739b1be803e9a7e90c36cf42867675d3", kill_on_drop: false }`
[INFO] running `Command { std: "docker" "inspect" "6c278b4bc30d327180589aa7d4888cba739b1be803e9a7e90c36cf42867675d3", kill_on_drop: false }`
[INFO] running `Command { std: "docker" "rm" "-f" "6c278b4bc30d327180589aa7d4888cba739b1be803e9a7e90c36cf42867675d3", kill_on_drop: false }`
[INFO] [stdout] 6c278b4bc30d327180589aa7d4888cba739b1be803e9a7e90c36cf42867675d3
[INFO] running `Command { std: "docker" "create" "-v" "/var/lib/crater-agent-workspace/builds/worker-4/target:/opt/rustwide/target:rw,Z" "-v" "/var/lib/crater-agent-workspace/builds/worker-4/source:/opt/rustwide/workdir:ro,Z" "-v" "/var/lib/crater-agent-workspace/cargo-home:/opt/rustwide/cargo-home:ro,Z" "-v" "/var/lib/crater-agent-workspace/rustup-home:/opt/rustwide/rustup-home:ro,Z" "-e" "SOURCE_DIR=/opt/rustwide/workdir" "-e" "CARGO_TARGET_DIR=/opt/rustwide/target" "-e" "CARGO_INCREMENTAL=0" "-e" "RUST_BACKTRACE=full" "-e" "RUSTFLAGS=--cap-lints=forbid" "-e" "CARGO_HOME=/opt/rustwide/cargo-home" "-e" "RUSTUP_HOME=/opt/rustwide/rustup-home" "-w" "/opt/rustwide/workdir" "-m" "1610612736" "--user" "0:0" "--network" "none" "rustops/crates-build-env@sha256:a636fd89d022f18117e1dc8fb37a0a009933cdbbe082814857f0e2024962d47c" "/opt/rustwide/cargo-home/bin/cargo" "+cfbc6d4cf1acbac5c025acf8ed68929caa551df3" "check" "--frozen" "--all" "--all-targets" "--message-format=json", kill_on_drop: false }`
[INFO] [stdout] 7b6f69efafe2358957349f9d7a438ef49505b8d78ffbb917c53ef8e8255541f9
[INFO] [stderr] WARNING: Your kernel does not support swap limit capabilities or the cgroup is not mounted. Memory limited without swap.
[INFO] running `Command { std: "docker" "start" "-a" "7b6f69efafe2358957349f9d7a438ef49505b8d78ffbb917c53ef8e8255541f9", kill_on_drop: false }`
[INFO] [stderr]    Compiling cc v1.0.59
[INFO] [stderr]     Checking memory_units v0.3.0
[INFO] [stderr]     Checking swasm v0.31.3
[INFO] [stderr]     Checking serde_json v1.0.57
[INFO] [stderr]     Checking rand v0.4.6
[INFO] [stderr]    Compiling cmake v0.1.44
[INFO] [stderr]    Compiling wabt-sys v0.4.0
[INFO] [stderr]     Checking swasmi-validation v0.1.0
[INFO] [stderr]     Checking swasmi v0.4.5 (/opt/rustwide/workdir)
[INFO] [stdout] warning: trait objects without an explicit `dyn` are deprecated
[INFO] [stdout]    --> src/lib.rs:241:14
[INFO] [stdout]     |
[INFO] [stdout] 241 |     Host(Box<host::HostError>),
[INFO] [stdout]     |              ^^^^^^^^^^^^^^^ help: use `dyn`: `dyn host::HostError`
[INFO] [stdout]     |
[INFO] [stdout]     = note: `#[warn(bare_trait_objects)]` on by default
[INFO] [stdout] 
[INFO] [stdout] 
[INFO] [stdout] warning: trait objects without an explicit `dyn` are deprecated
[INFO] [stdout]    --> src/lib.rs:275:14
[INFO] [stdout]     |
[INFO] [stdout] 275 |     Host(Box<host::HostError>),
[INFO] [stdout]     |              ^^^^^^^^^^^^^^^ help: use `dyn`: `dyn host::HostError`
[INFO] [stdout] 
[INFO] [stdout] 
[INFO] [stdout] warning: trait objects without an explicit `dyn` are deprecated
[INFO] [stdout]    --> src/lib.rs:287:44
[INFO] [stdout]     |
[INFO] [stdout] 287 |     pub fn as_host_error(&self) -> Option<&host::HostError> {
[INFO] [stdout]     |                                            ^^^^^^^^^^^^^^^ help: use `dyn`: `dyn host::HostError`
[INFO] [stdout] 
[INFO] [stdout] 
[INFO] [stdout] warning: trait objects without an explicit `dyn` are deprecated
[INFO] [stdout]    --> src/host.rs:117:6
[INFO] [stdout]     |
[INFO] [stdout] 117 | impl HostError {
[INFO] [stdout]     |      ^^^^^^^^^ help: use `dyn`: `dyn HostError`
[INFO] [stdout] 
[INFO] [stdout] 
[INFO] [stdout] warning: trait objects without an explicit `dyn` are deprecated
[INFO] [stdout]    --> src/host.rs:121:45
[INFO] [stdout]     |
[INFO] [stdout] 121 |             unsafe { Some(&*(self as *const HostError as *const T)) }
[INFO] [stdout]     |                                             ^^^^^^^^^ help: use `dyn`: `dyn HostError`
[INFO] [stdout] 
[INFO] [stdout] 
[INFO] [stdout] warning: trait objects without an explicit `dyn` are deprecated
[INFO] [stdout]    --> src/host.rs:131:47
[INFO] [stdout]     |
[INFO] [stdout] 131 |             unsafe { Some(&mut *(self as *mut HostError as *mut T)) }
[INFO] [stdout]     |                                               ^^^^^^^^^ help: use `dyn`: `dyn HostError`
[INFO] [stdout] 
[INFO] [stdout] 
[INFO] [stdout] warning: trait objects without an explicit `dyn` are deprecated
[INFO] [stdout]    --> src/imports.rs:109:34
[INFO] [stdout]     |
[INFO] [stdout] 109 |     modules: HashMap<String, &'a ModuleImportResolver>,
[INFO] [stdout]     |                                  ^^^^^^^^^^^^^^^^^^^^ help: use `dyn`: `dyn ModuleImportResolver`
[INFO] [stdout] 
[INFO] [stdout] 
[INFO] [stdout] warning: trait objects without an explicit `dyn` are deprecated
[INFO] [stdout]    --> src/imports.rs:130:23
[INFO] [stdout]     |
[INFO] [stdout] 130 |         resolver: &'a ModuleImportResolver,
[INFO] [stdout]     |                       ^^^^^^^^^^^^^^^^^^^^ help: use `dyn`: `dyn ModuleImportResolver`
[INFO] [stdout] 
[INFO] [stdout] 
[INFO] [stdout] warning: trait objects without an explicit `dyn` are deprecated
[INFO] [stdout]    --> src/imports.rs:139:77
[INFO] [stdout]     |
[INFO] [stdout] 139 |     pub fn push_resolver<N: Into<String>>(&mut self, name: N, resolver: &'a ModuleImportResolver) {
[INFO] [stdout]     |                                                                             ^^^^^^^^^^^^^^^^^^^^ help: use `dyn`: `dyn ModuleImportResolver`
[INFO] [stdout] 
[INFO] [stdout] 
[INFO] [stdout] warning: trait objects without an explicit `dyn` are deprecated
[INFO] [stdout]    --> src/imports.rs:143:47
[INFO] [stdout]     |
[INFO] [stdout] 143 |     fn resolver(&self, name: &str) -> Option<&ModuleImportResolver> {
[INFO] [stdout]     |                                               ^^^^^^^^^^^^^^^^^^^^ help: use `dyn`: `dyn ModuleImportResolver`
[INFO] [stdout] 
[INFO] [stdout] 
[INFO] [stdout] warning: 10 warnings emitted
[INFO] [stdout] 
[INFO] [stdout] 
[INFO] [stderr] error: failed to run custom build command for `wabt-sys v0.4.0`
[INFO] [stderr] 
[INFO] [stderr] Caused by:
[INFO] [stderr]   process didn't exit successfully: `/opt/rustwide/target/debug/build/wabt-sys-e54b1fe106f3bcea/build-script-build` (exit code: 101)
[INFO] [stderr]   --- stdout
[INFO] [stderr]   running: "cmake" "/opt/rustwide/cargo-home/registry/src/github.com-1ecc6299db9ec823/wabt-sys-0.4.0/wabt" "-DBUILD_TESTS=OFF" "-DBUILD_TOOLS=OFF" "-DCMAKE_INSTALL_PREFIX=/opt/rustwide/target/debug/build/wabt-sys-da113185c6a69436/out" "-DCMAKE_C_FLAGS= -ffunction-sections -fdata-sections -fPIC -m64" "-DCMAKE_C_COMPILER=/usr/bin/cc" "-DCMAKE_CXX_FLAGS= -ffunction-sections -fdata-sections -fPIC -m64" "-DCMAKE_CXX_COMPILER=/usr/bin/c++" "-DCMAKE_ASM_FLAGS= -ffunction-sections -fdata-sections -fPIC -m64" "-DCMAKE_ASM_COMPILER=/usr/bin/cc" "-DCMAKE_BUILD_TYPE=Debug"
[INFO] [stderr]   -- The C compiler identification is GNU 9.3.0
[INFO] [stderr]   -- The CXX compiler identification is GNU 9.3.0
[INFO] [stderr]   -- Check for working C compiler: /usr/bin/cc
[INFO] [stderr]   -- Check for working C compiler: /usr/bin/cc -- works
[INFO] [stderr]   -- Detecting C compiler ABI info
[INFO] [stderr]   -- Detecting C compiler ABI info - done
[INFO] [stderr]   -- Detecting C compile features
[INFO] [stderr]   -- Detecting C compile features - done
[INFO] [stderr]   -- Check for working CXX compiler: /usr/bin/c++
[INFO] [stderr]   -- Check for working CXX compiler: /usr/bin/c++ -- works
[INFO] [stderr]   -- Detecting CXX compiler ABI info
[INFO] [stderr]   -- Detecting CXX compiler ABI info - done
[INFO] [stderr]   -- Detecting CXX compile features
[INFO] [stderr]   -- Detecting CXX compile features - done
[INFO] [stderr]   -- Looking for alloca.h
[INFO] [stderr]   -- Looking for alloca.h - found
[INFO] [stderr]   -- Looking for unistd.h
[INFO] [stderr]   -- Looking for unistd.h - found
[INFO] [stderr]   -- Looking for snprintf
[INFO] [stderr]   -- Looking for snprintf - found
[INFO] [stderr]   -- Looking for sysconf
[INFO] [stderr]   -- Looking for sysconf - found
[INFO] [stderr]   -- Looking for strcasecmp
[INFO] [stderr]   -- Looking for strcasecmp - found
[INFO] [stderr]   -- Looking for sys/types.h
[INFO] [stderr]   -- Looking for sys/types.h - found
[INFO] [stderr]   -- Looking for stdint.h
[INFO] [stderr]   -- Looking for stdint.h - found
[INFO] [stderr]   -- Looking for stddef.h
[INFO] [stderr]   -- Looking for stddef.h - found
[INFO] [stderr]   -- Check size of ssize_t
[INFO] [stderr]   -- Check size of ssize_t - done
[INFO] [stderr]   -- Check size of size_t
[INFO] [stderr]   -- Check size of size_t - done
[INFO] [stderr]   -- Found RE2C: /usr/bin/re2c  
[INFO] [stderr]   -- Using generated re2c lexer
[INFO] [stderr]   -- Looking for pthread.h
[INFO] [stderr]   -- Looking for pthread.h - found
[INFO] [stderr]   -- Performing Test CMAKE_HAVE_LIBC_PTHREAD
[INFO] [stderr]   -- Performing Test CMAKE_HAVE_LIBC_PTHREAD - Failed
[INFO] [stderr]   -- Looking for pthread_create in pthreads
[INFO] [stderr]   -- Looking for pthread_create in pthreads - not found
[INFO] [stderr]   -- Looking for pthread_create in pthread
[INFO] [stderr]   -- Looking for pthread_create in pthread - found
[INFO] [stderr]   -- Found Threads: TRUE  
[INFO] [stderr]   -- Found PythonInterp: /usr/bin/python2.7 (found suitable version "2.7.18", minimum required is "2.7") 
[INFO] [stderr]   -- Configuring done
[INFO] [stderr]   -- Generating done
[INFO] [stderr]   -- Build files have been written to: /opt/rustwide/target/debug/build/wabt-sys-da113185c6a69436/out/build
[INFO] [stderr]   running: "cmake" "--build" "." "--config" "Debug" "--"
[INFO] [stderr]   [  2%] [RE2C][WAST_LEXER_GEN_CC] Building lexer with re2c 0.103.0
[INFO] [stderr]   Scanning dependencies of target libwabt
[INFO] [stderr]   [  5%] Building CXX object CMakeFiles/libwabt.dir/src/opcode.cc.o
[INFO] [stderr]   [  7%] Building CXX object CMakeFiles/libwabt.dir/src/token.cc.o
[INFO] [stderr]   [ 10%] Building CXX object CMakeFiles/libwabt.dir/src/error-handler.cc.o
[INFO] [stderr]   [ 15%] Building CXX object CMakeFiles/libwabt.dir/src/hash-util.cc.o
[INFO] [stderr]   [ 15%] Building CXX object CMakeFiles/libwabt.dir/src/filenames.cc.o
[INFO] [stderr]   [ 17%] Building CXX object CMakeFiles/libwabt.dir/src/string-view.cc.o
[INFO] [stderr]   [ 20%] Building CXX object CMakeFiles/libwabt.dir/src/ir.cc.o
[INFO] [stderr]   [ 22%] Building CXX object CMakeFiles/libwabt.dir/src/expr-visitor.cc.o
[INFO] [stderr]   [ 25%] Building CXX object CMakeFiles/libwabt.dir/src/lexer-source.cc.o
[INFO] [stderr]   [ 27%] Building CXX object CMakeFiles/libwabt.dir/src/wast-parser-lexer-shared.cc.o
[INFO] [stderr]   [ 30%] Building CXX object CMakeFiles/libwabt.dir/src/lexer-source-line-finder.cc.o
[INFO] [stderr]   [ 32%] Building CXX object CMakeFiles/libwabt.dir/wast-lexer-gen.cc.o
[INFO] [stderr]   [ 35%] Building CXX object CMakeFiles/libwabt.dir/src/type-checker.cc.o
[INFO] [stderr]   [ 37%] Building CXX object CMakeFiles/libwabt.dir/src/wast-parser.cc.o
[INFO] [stderr]   [ 40%] Building CXX object CMakeFiles/libwabt.dir/src/validator.cc.o
[INFO] [stderr]   [ 42%] Building CXX object CMakeFiles/libwabt.dir/src/binary-reader.cc.o
[INFO] [stderr]   [ 45%] Building CXX object CMakeFiles/libwabt.dir/src/binary-reader-logging.cc.o
[INFO] [stderr]   [ 47%] Building CXX object CMakeFiles/libwabt.dir/src/binary-writer-spec.cc.o
[INFO] [stderr]   [ 50%] Building CXX object CMakeFiles/libwabt.dir/src/binary-writer.cc.o
[INFO] [stderr]   [ 52%] Building CXX object CMakeFiles/libwabt.dir/src/binary-reader-ir.cc.o
[INFO] [stderr]   [ 55%] Building CXX object CMakeFiles/libwabt.dir/src/binding-hash.cc.o
[INFO] [stderr]   [ 57%] Building CXX object CMakeFiles/libwabt.dir/src/wat-writer.cc.o
[INFO] [stderr]   [ 60%] Building CXX object CMakeFiles/libwabt.dir/src/interp.cc.o
[INFO] [stderr] 
[INFO] [stderr]   --- stderr
[INFO] [stderr]   CMake Warning:
[INFO] [stderr]     Manually-specified variables were not used by the project:
[INFO] [stderr] 
[INFO] [stderr]       CMAKE_ASM_COMPILER
[INFO] [stderr]       CMAKE_ASM_FLAGS
[INFO] [stderr] 
[INFO] [stderr] 
[INFO] [stderr]   /opt/rustwide/cargo-home/registry/src/github.com-1ecc6299db9ec823/wabt-sys-0.4.0/wabt/src/lexer-source.cc: In member function 'virtual std::unique_ptr<wabt::LexerSource> wabt::LexerSourceFile::Clone()':
[INFO] [stderr]   /opt/rustwide/cargo-home/registry/src/github.com-1ecc6299db9ec823/wabt-sys-0.4.0/wabt/src/lexer-source.cc:41:19: error: redundant move in return statement [-Werror=redundant-move]
[INFO] [stderr]      41 |   return std::move(result);
[INFO] [stderr]         |          ~~~~~~~~~^~~~~~~~
[INFO] [stderr]   /opt/rustwide/cargo-home/registry/src/github.com-1ecc6299db9ec823/wabt-sys-0.4.0/wabt/src/lexer-source.cc:41:19: note: remove 'std::move' call
[INFO] [stderr]   cc1plus: all warnings being treated as errors
[INFO] [stderr]   make[2]: *** [CMakeFiles/libwabt.dir/build.make:171: CMakeFiles/libwabt.dir/src/lexer-source.cc.o] Error 1
[INFO] [stderr]   make[2]: *** Waiting for unfinished jobs....
[INFO] [stderr]   c++: fatal error: Killed signal terminated program cc1plus
[INFO] [stderr]   compilation terminated.
[INFO] [stderr]   make[2]: *** [CMakeFiles/libwabt.dir/build.make:223: CMakeFiles/libwabt.dir/src/wast-parser.cc.o] Error 1
[INFO] [stderr]   make[1]: *** [CMakeFiles/Makefile2:106: CMakeFiles/libwabt.dir/all] Error 2
[INFO] [stderr]   make: *** [Makefile:84: all] Error 2
[INFO] [stderr]   thread 'main' panicked at '
[INFO] [stderr]   command did not execute successfully, got: exit code: 2
[INFO] [stderr] 
[INFO] [stderr]   build script failed, must exit now', /opt/rustwide/cargo-home/registry/src/github.com-1ecc6299db9ec823/cmake-0.1.44/src/lib.rs:885:5
[INFO] [stderr]   stack backtrace:
[INFO] [stderr]      0:     0x55ef4d5d2b45 - backtrace::backtrace::libunwind::trace::h5e2646fa3eddf2ea
[INFO] [stderr]                                  at /cargo/registry/src/github.com-1ecc6299db9ec823/backtrace-0.3.46/src/backtrace/libunwind.rs:86
[INFO] [stderr]      1:     0x55ef4d5d2b45 - backtrace::backtrace::trace_unsynchronized::hb95dd7f77ce47877
[INFO] [stderr]                                  at /cargo/registry/src/github.com-1ecc6299db9ec823/backtrace-0.3.46/src/backtrace/mod.rs:66
[INFO] [stderr]      2:     0x55ef4d5d2b45 - std::sys_common::backtrace::_print_fmt::h5e71b67af43fd70d
[INFO] [stderr]                                  at src/libstd/sys_common/backtrace.rs:78
[INFO] [stderr]      3:     0x55ef4d5d2b45 - <std::sys_common::backtrace::_print::DisplayBacktrace as core::fmt::Display>::fmt::hdb4a83d2b61107e5
[INFO] [stderr]                                  at src/libstd/sys_common/backtrace.rs:59
[INFO] [stderr]      4:     0x55ef4d5f871c - core::fmt::write::ha20e7262fa3e8a7a
[INFO] [stderr]                                  at src/libcore/fmt/mod.rs:1076
[INFO] [stderr]      5:     0x55ef4d5ce8e2 - std::io::Write::write_fmt::h1aebfe8a5a79e36d
[INFO] [stderr]                                  at src/libstd/io/mod.rs:1537
[INFO] [stderr]      6:     0x55ef4d5d5840 - std::sys_common::backtrace::_print::h9c07314cc66ba539
[INFO] [stderr]                                  at src/libstd/sys_common/backtrace.rs:62
[INFO] [stderr]      7:     0x55ef4d5d5840 - std::sys_common::backtrace::print::hd1fd65f49a2d8544
[INFO] [stderr]                                  at src/libstd/sys_common/backtrace.rs:49
[INFO] [stderr]      8:     0x55ef4d5d5840 - std::panicking::default_hook::{{closure}}::h222da46485ab36fc
[INFO] [stderr]                                  at src/libstd/panicking.rs:198
[INFO] [stderr]      9:     0x55ef4d5d558c - std::panicking::default_hook::hc5868949d129ed00
[INFO] [stderr]                                  at src/libstd/panicking.rs:217
[INFO] [stderr]     10:     0x55ef4d5d5e83 - std::panicking::rust_panic_with_hook::h26a6ab8b0993c0c8
[INFO] [stderr]                                  at src/libstd/panicking.rs:526
[INFO] [stderr]     11:     0x55ef4d5d5a7b - rust_begin_unwind
[INFO] [stderr]                                  at src/libstd/panicking.rs:437
[INFO] [stderr]     12:     0x55ef4d5d59eb - std::panicking::begin_panic_fmt::h2ff295231415d4a6
[INFO] [stderr]                                  at src/libstd/panicking.rs:391
[INFO] [stderr]     13:     0x55ef4d554b57 - cmake::fail::hf0f3f19e1ff44c4b
[INFO] [stderr]                                  at /opt/rustwide/cargo-home/registry/src/github.com-1ecc6299db9ec823/cmake-0.1.44/src/lib.rs:885
[INFO] [stderr]     14:     0x55ef4d55449e - cmake::run::hbfa9e03c3139de5a
[INFO] [stderr]                                  at /opt/rustwide/cargo-home/registry/src/github.com-1ecc6299db9ec823/cmake-0.1.44/src/lib.rs:863
[INFO] [stderr]     15:     0x55ef4d550bc0 - cmake::Config::build::h91a3fd6d1f201449
[INFO] [stderr]                                  at /opt/rustwide/cargo-home/registry/src/github.com-1ecc6299db9ec823/cmake-0.1.44/src/lib.rs:769
[INFO] [stderr]     16:     0x55ef4d54b3b4 - build_script_build::main::ha60adb7d84513174
[INFO] [stderr]                                  at /opt/rustwide/cargo-home/registry/src/github.com-1ecc6299db9ec823/wabt-sys-0.4.0/build.rs:7
[INFO] [stderr]     17:     0x55ef4d54c5cb - std::rt::lang_start::{{closure}}::h694202312399f80b
[INFO] [stderr]                                  at /rustc/cfbc6d4cf1acbac5c025acf8ed68929caa551df3/src/libstd/rt.rs:67
[INFO] [stderr]     18:     0x55ef4d5d6253 - std::rt::lang_start_internal::{{closure}}::h84a998219831fa70
[INFO] [stderr]                                  at src/libstd/rt.rs:52
[INFO] [stderr]     19:     0x55ef4d5d6253 - std::panicking::try::do_call::he8e1d689a3e26def
[INFO] [stderr]                                  at src/libstd/panicking.rs:348
[INFO] [stderr]     20:     0x55ef4d5d6253 - std::panicking::try::h264b6eebc2fa7bbf
[INFO] [stderr]                                  at src/libstd/panicking.rs:325
[INFO] [stderr]     21:     0x55ef4d5d6253 - std::panic::catch_unwind::hbf28fafa723b2128
[INFO] [stderr]                                  at src/libstd/panic.rs:394
[INFO] [stderr]     22:     0x55ef4d5d6253 - std::rt::lang_start_internal::he959aa59bc3ec202
[INFO] [stderr]                                  at src/libstd/rt.rs:51
[INFO] [stderr]     23:     0x55ef4d54c5a7 - std::rt::lang_start::h708595f48b2c32e6
[INFO] [stderr]                                  at /rustc/cfbc6d4cf1acbac5c025acf8ed68929caa551df3/src/libstd/rt.rs:67
[INFO] [stderr]     24:     0x55ef4d54bc6a - main
[INFO] [stderr]     25:     0x7fb59f2e40b3 - __libc_start_main
[INFO] [stderr]     26:     0x55ef4d54b1ae - _start
[INFO] [stderr]     27:                0x0 - <unknown>
[INFO] running `Command { std: "docker" "inspect" "7b6f69efafe2358957349f9d7a438ef49505b8d78ffbb917c53ef8e8255541f9", kill_on_drop: false }`
[INFO] running `Command { std: "docker" "rm" "-f" "7b6f69efafe2358957349f9d7a438ef49505b8d78ffbb917c53ef8e8255541f9", kill_on_drop: false }`
[INFO] [stdout] 7b6f69efafe2358957349f9d7a438ef49505b8d78ffbb917c53ef8e8255541f9
